{"id":182,"date":"2021-11-28T09:53:09","date_gmt":"2021-11-28T08:53:09","guid":{"rendered":"https:\/\/gestine.net\/new\/?page_id=182"},"modified":"2021-11-28T09:53:10","modified_gmt":"2021-11-28T08:53:10","slug":"travail-temporaire","status":"publish","type":"page","link":"https:\/\/gestine.net\/new\/travail-temporaire\/","title":{"rendered":"Travail temporaire"},"content":{"rendered":"\n<p>A la demande de notre CLIENT nous \u00e9tablissons d&rsquo;un commun accord, des criteres de choix pour s\u00e9lectionner l&rsquo;int\u00e9rimaire a recruter .<br>Apres signature du contrat nous liant a l&rsquo;int\u00e9rimaire, celui-ci integre votre entreprise pour une p\u00e9riode et une tache donn\u00e9es.<\/p>\n\n\n\n<p>Nous prenons alors en charge le paiement du salaire de l&rsquo;int\u00e9rimaire, les charges patronales, et les diverses d\u00e9clarations aux autorit\u00e9s comp\u00e9tentes ( CNSS, IGR, inspection du travail\u2026..).<\/p>\n\n\n\n<p>Lorsque vous souhaitez mettre fin a la mission de l&rsquo;int\u00e9rimaire, il vous suffit de nous le notifier 48 heures avant la date pr\u00e9vue de celle-ci.<\/p>\n\n\n\n<p>Chaque p\u00e9riode de paye, le CLIENT nous fait parvenir le relev\u00e9 des heures travaill\u00e9es , celui-ci servant de base a l&rsquo;\u00e9tablissement de la paye de l&rsquo;agent et a la facturation de notre prestation.<\/p>\n\n\n\n<p>Les phases de mission li\u00e9e a cette prestation se r\u00e9sument comme suit :<\/p>\n\n\n\n<ol class=\"wp-block-list\"><li>La prise et l&rsquo;analyse de la demande de mise a disposition<\/li><li>La recherche et la pr\u00e9s\u00e9lection du candidat(te) a proposer pour effectuer la mission d&rsquo;int\u00e9rim<\/li><li>Le recrutement de l&rsquo;int\u00e9rimaire apres le choix final du client<\/li><li>Le suivi et le contr\u00f4le de qualit\u00e9 de la mission<\/li><li>Le bilan de satisfaction client<\/li><\/ol>\n","protected":false},"excerpt":{"rendered":"<p>A la demande de notre CLIENT nous \u00e9tablissons d&rsquo;un commun accord, des criteres de choix pour s\u00e9lectionner l&rsquo;int\u00e9rimaire a recruter .Apres signature du contrat nous liant a l&rsquo;int\u00e9rimaire, celui-ci integre votre entreprise pour une p\u00e9riode et une tache donn\u00e9es. Nous prenons alors en charge le paiement du salaire de l&rsquo;int\u00e9rimaire, les charges patronales, et les [&hellip;]<\/p>\n","protected":false},"author":1,"featured_media":0,"parent":0,"menu_order":0,"comment_status":"closed","ping_status":"closed","template":"","meta":{"footnotes":""},"class_list":["post-182","page","type-page","status-publish","hentry"],"_links":{"self":[{"href":"https:\/\/gestine.net\/new\/wp-json\/wp\/v2\/pages\/182","targetHints":{"allow":["GET"]}}],"collection":[{"href":"https:\/\/gestine.net\/new\/wp-json\/wp\/v2\/pages"}],"about":[{"href":"https:\/\/gestine.net\/new\/wp-json\/wp\/v2\/types\/page"}],"author":[{"embeddable":true,"href":"https:\/\/gestine.net\/new\/wp-json\/wp\/v2\/users\/1"}],"replies":[{"embeddable":true,"href":"https:\/\/gestine.net\/new\/wp-json\/wp\/v2\/comments?post=182"}],"version-history":[{"count":1,"href":"https:\/\/gestine.net\/new\/wp-json\/wp\/v2\/pages\/182\/revisions"}],"predecessor-version":[{"id":184,"href":"https:\/\/gestine.net\/new\/wp-json\/wp\/v2\/pages\/182\/revisions\/184"}],"wp:attachment":[{"href":"https:\/\/gestine.net\/new\/wp-json\/wp\/v2\/media?parent=182"}],"curies":[{"name":"wp","href":"https:\/\/api.w.org\/{rel}","templated":true}]}}